{"id":206,"date":"2022-03-17T15:43:47","date_gmt":"2022-03-17T14:43:47","guid":{"rendered":"https:\/\/sklep.tbf.pl\/?post_type=product&#038;p=206"},"modified":"2025-12-31T10:31:51","modified_gmt":"2025-12-31T09:31:51","slug":"komunikacja-interpersonalna-jako-element-zapobiegania-wypadkom-przy-pracy","status":"publish","type":"product","link":"https:\/\/sklep.tbf.pl\/?product=komunikacja-interpersonalna-jako-element-zapobiegania-wypadkom-przy-pracy","title":{"rendered":"KOMUNIKACJA INTERPERSONALNA JAKO ELEMENT ZAPOBIEGANIA WYPADKOM PRZY PRACY"},"content":{"rendered":"<p>Precyzyjna komunikacja pozwala zaoszcz\u0119dzi\u0107 mn\u00f3stwo czasu i zapobiega wypadkom w pracy. Wszelkie niedom\u00f3wienia tworz\u0105 kolejne niedom\u00f3wienia, a ka\u017cdy niezrozumia\u0142y komunikat mo\u017ce zosta\u0107 zlekcewa\u017cony. Takie niedopowiedzenia powoduj\u0105 b\u0142\u0119dy, kt\u00f3re mog\u0105 doprowadzi\u0107 do totalnych katastrof.<br \/>\nWiedz\u0105c, co jest wa\u017cne w przekazie s\u0142ownym mo\u017cemy skutecznie si\u0119 nim pos\u0142ugiwa\u0107. Jednak nale\u017cy uwa\u017ca\u0107, aby to, co m\u00f3wimy zosta\u0142o odczytane dok\u0142adnie tak jak chcemy. Aby zapobiec ewentualnym nieporozumieniom, powinni\u015bmy posi\u0105\u015b\u0107 umiej\u0119tno\u015b\u0107 aktywnego s\u0142uchania.<\/p>\n<p>Dowiedz si\u0119 wi\u0119cej uzyskuj\u0105c dost\u0119p do szkolenia, na kt\u00f3rym przedstawimy Ci mi\u0119dzy innymi nast\u0119puj\u0105ce tematy:<\/p>\n<ul>\n<li>Zastosowanie precyzyjnej komunikacji jako element zapobiegania wypadkom przy pracy<\/li>\n<li>Komunikacja werbalna \u2013 sztuka m\u00f3wienia, aktywnego s\u0142uchania, zadawania pyta\u0144 i udzielania odpowiedzi<\/li>\n<li>Sztuka s\u0142uchania<\/li>\n<li>Kwadrat komunikacyjny Von Thuna<\/li>\n<li>Siedem grzech\u00f3w g\u0142\u00f3wnych komunikacji<\/li>\n<li>Sztuka perswazji i argumentowania<\/li>\n<li>Manipulacja<\/li>\n<li>Komunikacja niewerbalna, czyli znaczenia mowy cia\u0142a w komunikacji<\/li>\n<li>Asertywno\u015b\u0107 w komunikacji<\/li>\n<li>Technika zmniejszania oporu u odbiorcy<\/li>\n<li>Empatia<\/li>\n<li>Sk\u0105d si\u0119 bior\u0105 emocje i czym w\u0142a\u015bciwie s\u0105?<\/li>\n<li>Kultura wypowiedzi i jej rola w kszta\u0142towaniu wizerunku firmy.<\/li>\n<li>Temperament i jego wp\u0142yw na budowanie kompetencji w zakresie komunikacji spo\u0142ecznej<\/li>\n<li>Budowanie relacji interpersonalnych z uwzgl\u0119dnieniem emocji rozm\u00f3wcy<\/li>\n<li>Radzenie sobie z konfliktami \u2013 sztuka prowadzenia spor\u00f3w<\/li>\n<li>Wp\u0142yw emocji i nastroju na ocenianie w konflikcie<\/li>\n<\/ul>\n<p>&nbsp;<\/p>\n","protected":false},"excerpt":{"rendered":"<p>Precyzyjna komunikacja pozwala zaoszcz\u0119dzi\u0107 mn\u00f3stwo czasu i zapobiega wypadkom w pracy. Wszelkie niedom\u00f3wienia tworz\u0105 kolejne niedom\u00f3wienia, a ka\u017cdy niezrozumia\u0142y komunikat mo\u017ce zosta\u0107 zlekcewa\u017cony. Takie niedopowiedzenia powoduj\u0105 b\u0142\u0119dy, kt\u00f3re mog\u0105 doprowadzi\u0107 do totalnych katastrof. Wiedz\u0105c, co jest wa\u017cne w przekazie s\u0142ownym&#8230;<\/p>\n","protected":false},"featured_media":207,"template":"","meta":{"_acf_changed":false,"_editorskit_title_hidden":false,"_editorskit_reading_time":0,"_editorskit_is_block_options_detached":false,"_editorskit_block_options_position":"{}"},"product_cat":[15],"product_tag":[],"class_list":{"0":"post-206","1":"product","2":"type-product","3":"status-publish","4":"has-post-thumbnail","6":"product_cat-szkolenia-bhp","9":"first","10":"instock","11":"virtual","12":"taxable","13":"purchasable","14":"product-type-simple"},"acf":[],"jetpack_sharing_enabled":true,"_links":{"self":[{"href":"https:\/\/sklep.tbf.pl\/index.php?rest_route=\/wp\/v2\/product\/206","targetHints":{"allow":["GET"]}}],"collection":[{"href":"https:\/\/sklep.tbf.pl\/index.php?rest_route=\/wp\/v2\/product"}],"about":[{"href":"https:\/\/sklep.tbf.pl\/index.php?rest_route=\/wp\/v2\/types\/product"}],"wp:featuredmedia":[{"embeddable":true,"href":"https:\/\/sklep.tbf.pl\/index.php?rest_route=\/wp\/v2\/media\/207"}],"wp:attachment":[{"href":"https:\/\/sklep.tbf.pl\/index.php?rest_route=%2Fwp%2Fv2%2Fmedia&parent=206"}],"wp:term":[{"taxonomy":"product_cat","embeddable":true,"href":"https:\/\/sklep.tbf.pl\/index.php?rest_route=%2Fwp%2Fv2%2Fproduct_cat&post=206"},{"taxonomy":"product_tag","embeddable":true,"href":"https:\/\/sklep.tbf.pl\/index.php?rest_route=%2Fwp%2Fv2%2Fproduct_tag&post=206"}],"curies":[{"name":"wp","href":"https:\/\/api.w.org\/{rel}","templated":true}]}}